e greatest common divisor of h and d.
4
Let a(i) = -33*i**3 - 1. Let v be a(-1). Let z = v - 17. Suppose x + 5*m = 2*x - 120, -282 = -2*x - 4*m. Calculate the greatest common factor of x and z.
15
Suppose 13 = 3*h - 59. What is the greatest common divisor of 156 and h?
12
Let q(t) = t**3 - t**2 + 3*t + 1. Let p be q(3). Suppose 3*h - 5*a = 190, -4*a = 2*h - 7*a - 128. What is the highest common divisor of h and p?
14
Let n(u) = -3*u + 6*u + u - 2 - u**3 - 3*u**2. Let p be n(-6). Suppose -4*r + 26 = k - 10, -3*k = -r - p. Calculate the highest common divisor of k and 196.
28
Let i be (-1158)/(-24) + (-1)/4. Suppose -s = -v - 3 - 0, 4*s = v. Let r be (-80)/(-10) + s*2. What is the greatest common divisor of r and i?
6
Suppose 8*b = 4*b + 92. Suppose 4*y + b = -41. Let s be 184/6 - y/(-24). Calculate the highest common divisor of s and 3.
3
Let v be (-172)/(-22) - 8/(-44). Suppose m - 2*m = 0. Suppose 4*h - 2*n - n + 2 = m, -2*h = n - 4. Calculate the highest common factor of v and h.
1
Suppose -i + 4*o = -246, -4*i - 6*o = -5*i + 254. What is the highest common divisor of i and 1?
1
Let w = 369 - 315. Calculate the greatest common factor of w and 378.
54
Let z(v) = -9*v - 7. Let j be z(-3). Let r = j + -8. What is the highest common factor of 8 and r?
4
Let z be (2 + 3)*6/15. Suppose -105 = -z*y - 3*y. Calculate the highest common factor of y and 14.
7
Let y be (-4)/(-10)*30/12*9. Calculate the highest common factor of 9 and y.
9
Suppose 41 = -y + 1. Let t be y/(0 - (4 + -2)). What is the highest common factor of 140 and t?
20
Suppose 10*u = 5*u + 300. Suppose -18*p + u = -13*p. Calculate the highest common divisor of 54 and p.
6
Let n(r) = -35*r**3 + 2*r**2 - r - 2. Let s be n(-1). Let o = -12 + 8. Let a = o + 28. What is the highest common divisor of s and a?
12
Let w be 4/18 + (-241)/(-9). Suppose -11*q + 944 = -541. Suppose -51*c - q = -56*c. Calculate the greatest common factor of c and w.
27
Suppose -40*s = -43*s - 3*l + 441, -5*l = -3*s + 481. What is the highest common factor of 266 and s?
38
Let g be (4 + -6)/(3 - 2). Let h be (-3 - 8/g)/((-3)/(-18)). What is the highest common factor of h and 48?
6
Suppose 0 = -2*h - h - 195. Let d be ((-12)/5)/(26/h). Calculate the greatest common divisor of d and 6.
6
Suppose -a + 11*a = 20. Suppose -7*t + a*t + 660 = 0. Suppose 3*q = -2*s + 8*q - 1, 4*s - 63 = -3*q. What is the greatest common factor of s and t?
12
Let q(r) = -r + 25. Let m(w) = w - 24. Let a(f) = -5*m(f) - 4*q(f). Let z be a(10). Calculate the greatest common factor of z and 5.
5
Suppose -3*y = 5*w - 5*y - 109, -5*y - 10 = 0. Let n be 1*w + (-4 - -7). What is the highest common factor of n and 264?
24
Let i be ((-14)/(-21))/(2/78). What is the highest common factor of i and 1898?
26
Suppose 0 = -15*a + 3*a + 912. What is the greatest common divisor of a and 57?
19
Let u = 21 + 0. Suppose 0 = -x - 8*x + 63. Calculate the greatest common divisor of u and x.
7
Suppose -14 = c + 5*n, -43 = -3*c + 87*n - 85*n. Suppose -165 = -2*g - 3*g. What is the greatest common factor of g and c?
11
Let j(h) = h**2 + 6*h - 17. Let k be j(-8). Let f be 1/(2 + k) + 5. Suppose -3*r + 24 = r. What is the highest common divisor of r and f?
6
Suppose 353 = -24*g + 1121. What is the highest common factor of g and 4?
4
Let g(b) = -8*b - 3. Let o(x) = -15*x - 6. Let i(d) = -5*g(d) + 3*o(d). Let s be i(-3). What is the greatest common factor of 120 and s?
12
Let h(f) = 2*f**2 - 63*f + 34. Let x be h(31). Calculate the highest common factor of x and 9.
3
Let f(y) = -y**3 + 6*y**2 + 3. Let s be f(6). Let x be 30/(-4*s/(-6)). Suppose -2*w + 37 = x. Calculate the highest common factor of 22 and w.
11
Suppose 0 = -k - 4 + 3. Let q = 13 - k. Calculate the highest common factor of 14 and q.
14
Suppose -j = 4*r - 5*r + 144, -5*r + 748 = 2*j. Calculate the greatest common divisor of r and 4.
4
Let f be ((-3)/(-4))/(0 + 4/112). Let l = -36 + 50. Calculate the greatest common divisor of l and f.
7
Let k be (-3 - -4) + 41 + (-3 - -2). Calculate the greatest common factor of k and 1763.
41
Let j be 3/6 - 2/(-4). Let a(u) = -u**2 + 8*u - 1. Let x be a(6). What is the highest common divisor of j and x?
1
Let g(h) = 7*h + 34. Let o be g(0). What is the highest common factor of o and 510?
34
Let s be (-1)/2*(5 + -11). Suppose z = -1248 - 1521. Let d be s/(-5) - z/65. Calculate the highest common divisor of 7 and d.
7
Suppose 0 = -h + 5*p + 388, 3*p + 1638 = 4*h + 18. Let x = -254 + h. What is the highest common factor of 22 and x?
22
Let b = -8 + 8. Suppose b = -4*a - 236 + 76. Let s = 95 + a. What is the highest common divisor of s and 22?
11
Suppose 0 = -2*v + 5*z - 23, 3*z - 18 = 2*v - 5*v. Let d = v + 0. Let c be ((-3)/(-3) + 0)*1. What is the highest common factor of c and d?
1
Suppose 4*r + x = 139, 4*x - 52 = 2*r - 4*r. Calculate the greatest common factor of 36 and r.
36
Let s(n) = 6*n - 133. Let y be s(37). Calculate the greatest common factor of y and 979.
89
Let p = 5 - -51. Let x(i) = -i**3 + 23*i**2 - 8*i - 5. Let u be x(23). Let g = -105 - u. Calculate the greatest common divisor of g and p.
28
Let a be 3 + -1 + 8*-1. Let v = -9 + a. Let g = 31 + v. What is the highest common factor of 16 and g?
16
Suppose -3*z - 54 = -330. What is the greatest common divisor of 8 and z?
4
Suppose 30 = -2*x - 4*n + 166, 3*n = -3. Let b be 1 + 1/((28/91)/4). Calculate the greatest common factor of x and b.
14
Suppose 8 + 37 = 9*l. Suppose 35 - 15 = l*r. What is the highest common divisor of r and 4?
4
Let w(d) = 2*d**3 + 9*d**2 - 7*d - 14. Let n be w(-4). Calculate the highest common factor of n and 345.
15
Let i = -79 + 156. Let m = -311 + 322. Calculate the greatest common divisor of m and i.
11
Suppose -2*m + 3*p + 92 = 0, 20*m - 164 = 17*m - 2*p. What is the highest common divisor of 91 and m?
13
Suppose m + 7*m = 144. Let f be (m/(-21))/(6/(-210)). What is the highest common factor of 240 and f?
30
Let t = -66 - -242. Calculate the greatest common factor of 16 and t.
16
Let b(l) = -3*l - 9. Let k be b(-9). Suppose -i - i = k. Let q = i - -18. What is the greatest common divisor of 63 and q?
9
Suppose -4*v - 59 = -y + 14, 4*y = 2*v + 236. Let m be (24 + 4/(-2))/(-1 - 0). Let b = y + m. Calculate the highest common divisor of b and 7.
7
Let t = -219 - -243. What is the highest common factor of 16 and t?
8
Let b be (-1)/(-2)*-11*-2. Let l be (-2 - -2)/(8/(-2) + 2). Let f be 22*(l + 2)*1. Calculate the greatest common divisor of f and b.
11
Let p(u) = 5*u**2 + 34*u - 1. Let w be p(-7). Suppose w*j = 7*j - 3*q - 14, 4*q = 4*j - 72. What is the greatest common divisor of j and 40?
20
Suppose 512 = w + 4*d, 3*w = -21*d + 19*d + 1586. Calculate the greatest common divisor of 28 and w.
28
Suppose 0 = -i - i - 52. Let m = 44 + i. Let y(t) = 2*t**2 + 2*t. Let c be y(-3). Calculate the greatest common factor of m and c.
6
Suppose -20 = -4*p + 9*p, 4*s - 124 = 4*p. What is the greatest common divisor of s and 387?
9
Let s be -3 - (-1 - 77)/2. Suppose 0 = -2*f - f + s. Let o be 3*(-3 - (-88)/f). What is the highest common factor of o and 26?
13
Let i be ((-170)/102)/(2/(-24)). What is the greatest common divisor of 40 and i?
20
Let m be -14 - -11 - (1 + -1*96). What is the highest common factor of 8 and m?
4
Suppose -5*f + 8 = -12. Suppose -2*g - f*y = -29 - 11, 4*y = 2*g - 24. Calculate the highest common factor of g and 8.
8
Let j(b) = b - 35 + 69 - 36. Let y be j(3). Let d be (-8 - y)/((-24)/128). Calculate the greatest common factor of 120 and d.
24
Let y = 15 + -5. Suppose -y = -2*p + 2*h + 18, 20 = -5*h. What is the highest common factor of 110 and p?
10
Let j = -525 - -1585. Let n be j*(3 - 2 - 2). Let q be n/(-22) + (-4)/22. What is the greatest common divisor of 6 and q?
6
Suppose -14*i - 3712 = -18*i. Calculate the greatest common factor of 116 and i.
116
Suppose 4*x - 48 = 2*k - 1004, -955 = -2*k + 3*x. Calculate the highest common factor of 68 and k.
68
Let p = -2 - -5. Suppose 43 = p*a + 10. What is the greatest common factor of 55 and a?
11
Let s(c) = 94*c + 7. Let w be s(2). Let u = 25 + w. What is the highest common factor of u and 55?
55
Let j(q) be the first derivative of -q**4/4 + 2*q**3/3 - q + 7. Let v be j(-1). Suppose -v*s + 46 = -14. Calculate the greatest comm